s t(5)?
53
Let q(i) = -71*i - 12556. Calculate q(-177).
11
Let z(n) = n**3 - 9*n**2 - 44*n + 416. Calculate z(9).
20
Let h(a) = -a**2 + 539*a + 3807. Give h(-7).
-15
Let k(w) = 1244*w + 6228. What is k(-5)?
8
Let c(r) = -6272*r + 94084. Give c(15).
4
Let b(o) = 498*o + 519. Give b(-1).
21
Let s(t) = 242*t**2 - 68*t + 69. Calculate s(1).
243
Let c(z) = -144*z - 2184. Determine c(-16).
120
Let r(q) = -771*q + 756. Give r(1).
-15
Let s(v) = -4*v**2 + 15*v - 42. What is s(5)?
-67
Let w(r) = -112*r + 4792. Calculate w(43).
-24
Let a(s) = 6*s**2 - 399*s + 184. What is a(66)?
-14
Let x(i) = i**2 + i + 21. Calculate x(5).
51
Let i(z) = 5*z**2 + 1331*z - 5364. Give i(4).
40
Let p(q) = q**3 - 60*q**2 + 110*q + 326. What is p(58)?
-22
Let c(d) = -5*d**3 + 222*d**2 - 91*d + 148. Give c(44).
16
Let l(m) = -m**3 + m**2 + 2*m - 22. Determine l(-3).
8
Let h(t) = -5*t**3 - 35*t**2 - 40*t - 7. Determine h(-4).
-87
Let c(t) = -7*t - 122. Give c(-19).
11
Let a(n) = n**2 - 32*n + 53. What is a(28)?
-59
Let g(r) = -22*r**2 - 282*r + 69. What is g(-13)?
17
Let v(u) = -2*u**2 + 60*u - 485. Calculate v(29).
-427
Let w(c) = 20*c**2 + 25*c - 26. Give w(1).
19
Let o(y) = -y**3 + 5*y**2 + 374*y + 13. Determine o(22).
13
Let n(y) = -43*y - 1050. Give n(-20).
-190
Let x(w) = w**3 - 51*w**2 + 52*w - 1. Determine x(50).
99
Let b(r) = 3*r**3 + 28*r**2 + 13*r + 30. Determine b(-9).
-6
Let u(g) = -67*g - 274. What is u(-4)?
-6
Let z(y) = -2*y**3 + 8*y**2 + 25*y - 65. Calculate z(6).
-59
Let g(j) = -571*j + 1554. Give g(3).
-159
Let t(q) = -3509*q - 21042. Calculate t(-6).
12
Let c(f) = 56*f**2 + 6*f. Determine c(-1).
50
Let q(t) = t**3 - 57*t**2 + 158*t + 211. What is q(54)?
-5
Let i(p) = p**2 - 106*p - 202400. Calculate i(-400).
0
Let d(v) = 3*v**2 + 29*v - 21. Determine d(-10).
-11
Let j(f) = 5*f**2 - 16*f - 37. What is j(-2)?
15
Let l(h) = 23*h - 101. Give l(5).
14
Let v(h) = 2*h**3 + 19*h**2 + 4*h - 11. Determine v(-9).
34
Let r(t) = 214*t - 2527. Calculate r(12).
41
Let m(c) = -c**3 - 3*c + 30. Give m(3).
-6
Let g(c) = -c**3 - c**2 + 1. Calculate g(-1).
1
Let p(k) = -35*k - 517. Calculate p(-16).
43
Let o(x) = 2*x**2 + 40*x + 29. Determine o(-21).
71
Let r(x) = -10789*x - 53954. What is r(-5)?
-9
Let z(m) = 4*m**2 - 26*m + 1. Determine z(5).
-29
Let v(l) = -155*l - 11049. Calculate v(-71).
-44
Let g(r) = -r**2 + 35*r - 59. Give g(31).
65
Let k(w) = 351*w - 11560. What is k(33)?
23
Let u(l) = -l**3 - 11*l**2 - 40*l - 146. Determine u(-13).
712
Let p(r) = -3*r + 2. Give p(-44).
134
Let l(z) = -5*z**2 - 283*z + 139. Determine l(-57).
25
Let h(a) = -a**3 + 25*a**2 + 80*a - 1988. Give h(25).
12
Let w(l) = 14*l**2 + l + 3. Give w(-2).
57
Let t(g) = g**2 - 50*g - 375. Give t(57).
24
Let v(x) = -40*x - 622. Determine v(-17).
58
Let k(c) = -225*c + 25877. Determine k(115).
2
Let s(m) = m**2 - 18*m - 320. Give s(-16).
224
Let o(c) = -198*c - 601. Determine o(-3).
-7
Let y(d) = 54*d - 1938. Give y(40).
222
Let y(o) = 19*o**2 + 101*o - 39. Calculate y(-6).
39
Let k(x) = -112*x - 12693. Give k(-113).
-37
Let y(z) = -33*z**2 + 288*z + 72. Give y(9).
-9
Let z(c) = 213*c + 1089. Give z(-8).
-615
Let y(a) = 8*a**2 + 181*a - 39. Give y(-23).
30
Let j(r) = r**3 + 56*r**2 + 24*r - 1698. Determine j(-55).
7
Let b(j) = j**2 - 101*j + 1366. Calculate b(85).
6
Let y(g) = g**3 - 21*g**2 + 68*g - 276. Give y(18).
-24
Let b(j) = -105*j + 1249. Give b(11).
94
Let g(n) = -755*n - 5308. Determine g(-7).
-23
Let s(w) = w**2 - 20*w - 68. Determine s(34).
408
Let u(v) = -162*v - 2569. Calculate u(-16).
23
Let d(k) = -k**3 - 7*k**2 - 24*k - 34. What is d(-3)?
2
Let p(x) = -17*x**3 + 137*x**2 - 46*x + 309. Give p(8).
5
Let c(r) = 50*r + 360. Determine c(-6).
60
Let t(f) = 7*f**2 + 474*f + 348. Calculate t(-67).
13
Let r(b) = b**3 + 15*b**2 + 19*b + 156. Give r(-13).
247
Let a(f) = -4*f**2 - 175*f + 694. Calculate a(4).
-70
Let d(s) = -50*s + 54. Give d(1).
4
Let k(f) = 274*f - 10. Calculate k(0).
-10
Let j(i) = i**3 - 22*i**2 - 133*i + 770. Give j(26).
16
Let d(k) = -3*k**2 + 573*k - 10710. Give d(21).
0
Let w(s) = -2124*s - 42474. What is w(-20)?
6
Let a(d) = 17*d + 437. Give a(-10).
267
Let o(w) = -w**2 - 134*w - 2151. Calculate o(-19).
34
Let y(j) = -3*j**2 + 37*j - 1. Calculate y(0).
-1
Let w(z) = 17*z - 376. Calculate w(25).
49
Let q(n) = -350*n - 629. What is q(-4)?
771
Let v(d) = -108*d + 1450. What is v(13)?
46
Let f(r) = -r**3 + 17*r**2 + 670*r - 271. Determine f(-19).
-5
Let d(b) = b**2 - 4*b + 20. Give d(8).
52
Let o(i) = 588*i + 3524. Calculate o(-6).
-4
Let y(u) = 14*u**3 - 183*u**2 + 21*u - 91. Determine y(13).
13
Let v(g) = -g**3 - 24*g**2 - 34*g + 238. Give v(-22).
18
Let i(d) = d**2 + 29*d + 198. Determine i(-13).
-10
Let m(v) = -v**3 - 111*v**2 - 622*v + 868. Calculate m(-105).
28
Let f(l) = 10*l**3 + 314*l**2 - 192*l - 9. Give f(-32).
-9
Let d(u) = -4*u**2 + 17*u - 45. What is d(4)?
-41
Let k(a) = -58*a**2 + 285*a + 14. Determine k(5).
-11
Let k(g) = 511*g + 400. Give k(-1).
-111
Let z(d) = -d - 204. What is z(35)?
-239
Let q(w) = -9*w - 51. Determine q(-5).
-6
Let q(t) = t**2 + 54*t + 429. Calculate q(-50).
229
Let q(m) = -2*m - 124. Calculate q(-48).
-28
Let s(h) = 134*h + 2. Calculate s(-2).
-266
Let s(f) = 86*f**3 + f**2 + 2*f - 3. Calculate s(1).
86
Let p(m) = -864*m + 3460. Calculate p(4).
4
Let a(y) = 81*y + 30. Give a(-3).
-213
Let l(w) = -242*w + 16686. Calculate l(69).
-12
Let n(d) = -5013*d - 10034. What is n(-2)?
-8
Let a(s) = -45*s - 26. What is a(-2)?
64
Let w(r) = r**2 + 59*r - 888. Calculate w(12).
-36
Let h(r) = 12*r - 171. Calculate h(27).
153
Let u(i) = -i**3 + 13*i**2 - 53*i + 69. What is u(3)?
0
Let o(m) = -m**3 - 16*m**2 - 57*m - 44. Determine o(-9).
-98
Let c(n) = -140*n + 5320. Determine c(38).
0
Let n(x) = 6*x**3 + 8*x**2 + 14*x + 39. What is n(-2)?
-5
Let a(q) = -11*q - 174. Determine a(-15).
-9
Let c(r) = -12*r**3 + r**2 - r - 1. What is c(-1)?
13
Let v(t) = -2*t**2 - 59*t - 400. Calculate v(-11).
7
Let j(m) = m**3 + 14*m**2 + 50*m + 50. What is j(-9)?
5
Let q(z) = 3*z**3 - 18*z**2 + 12*z - 7. What is q(3)?
-52
Let g(v) = -v**2 + 11*v - 38. What is g(12)?
-50
Let c(l) = -l**3 + 74*l**2 - 81*l + 590. Calculate c(73).
6
Let z(a) = -6*a**2 - 251*a - 18. Determine z(-42).
-60
Let d(k) = k**2 + 526*k + 2603. Give d(-5).
-2
Let y(z) = z**3 + 21*z**2 - 46*z. What is y(-23)?
0
Let i(w) = 93*w + 508. What is i(-6)?
-50
Let j(o) = -287*o + 4876. What is j(17)?
-3
Let a(i) = 86*i + 770. Determine a(-9).
-4
Let b(u) = u**3 + 7*u**2 - 16*u + 12. Give b(-8).
76
Let x(u) = -4*u**2 - 2. What is x(-3)?
-38
Let r(t) = -9*t**3 - 24*t**2 - 5*t - 4. What is r(-3)?
38
Let c(u) = -u**3 + 43*u**2 - 50*u + 337. Calculate c(42).
1
Let l(g) = -g**2 - 64*g - 9. Calculate l(0).
-9
Let z(l) = l**3 + 3*l**2 - 360*l - 730. What is z(-2)?
-6
Let r(j) = j**3 + 3*j**2 + 1313*j - 8204. Calculate r(6).
-2
Let d(p) = 1573*p + 14214. What is d(-9)?
57
Let d(b) = -12*b**3 - 4*b**2 - 4*b + 9. Give d(2).
-111
Let l(q) = 5*q**2 + 79*q - 108. What is l(-17)?
-6
Let z(d) = -6*d**2 + 4*d - 5. Give z(1).
-7
Let f(o) = -o**2 + 89*o + 445. Give f(-5).
-25
Let w(f) = -43*f + 2932. Give w(69).
-35
Let f(i) = -25*i**2 - 461*i - 4. Give f(-20).
-784
Let p(n) = n**3 + 16*n**2 + 23*n + 21. What is p(-15)?
-99
Let p(u) = 2*u**2 + 31*u + 20. Give p(-15).
5
Let z(y) = -y**2 + 154*y - 5803. What is z(81)?
110
Let y(c) = c**2 + 4*c - 568. Calculate y(-26).
4
Let k(d) = 165*d**2 + 1197*d + 296. Calculate k(-7).
2
Let n(x) = 2*x**2 - 62*x + 688. Give n(19).
232
Let z(x) = -3*x**2 + 31*x - 21. Give z(13).
-125
Let w(d) = -d**2 + 108. Give w(14).
-88
Let n(t) = -113*t + 1685. What is n(15)?
-10
Let l(h) = -h**3 - 16*h**2 - 76*h - 20. Give l(-8).
76
Let l(k) = 23138*k + 23132. Give l(-1).
-6
Let m(g) = 4*g**3 + 80*g**2 - 92*g - 165. Give m(-21).
3
Let m(o) = o**3 - 15*o**2 - 144*o + 2216. What is m(13)?
6
Let w(u) = -45*u**2 + 676*u + 37. Give w(15).
52
Let k(v) = 32*v + 964. Calculate k(-58).
-892
Let o(q) = -23*q**3 - 1963*q**2 + 1291*q + 80. Give o(-86).
-6
Let h(v) = -125*v - 71. Give h(-6).
679
Let w(a) = a - 6. Give w(1).
-5
Let t(v) = -80*v - 8044. What is t(-100)?
-44
Let p(z) = -37*z + 53. Determine p(6).
-169
Let a(f) = 13*f + 1384. Give a(-108).
-20
Let n(b) = -2*b**2 + 68*b - 523. Give n(11).
-17
Let h(r) = -2